{"id":2,"date":"2016-05-10T03:48:21","date_gmt":"2016-05-10T03:48:21","guid":{"rendered":"https:\/\/www.einargrifell.com\/?page_id=2"},"modified":"2022-01-13T16:44:58","modified_gmt":"2022-01-13T16:44:58","slug":"page","status":"publish","type":"page","link":"https:\/\/www.einargrifell.com\/","title":{"rendered":"! Este soy yo \u00a1"},"content":{"rendered":"\n<p>Hola, soy Einar <\/p>\n\n\n\n<p style=\"font-size:19px\">Mi nombre es de origen vikingo, que significa traducido lider guerrero, antiguamente los guerreros que murieron en el Valhala se les llamaban e<em>inh\u00e4rjar<\/em> .<\/p>\n\n\n\n<p style=\"font-size:19px\">Este nombre significa \u201cuno\u201d que proviene del einn y \u201cguerrero\u201d que proviene de harr<\/p>\n\n\n\n<p style=\"font-size:19px\">Mi \u00e1rbol geneal\u00f3gico es un poco variopinto, mi madre es Cubana y mi padre es Catal\u00e1n. De esta mezcla he salido yo un chico con el pelo rizado muy diferente al resto. <\/p>\n\n\n\n<p style=\"font-size:19px\"><\/p>\n\n\n\n<p style=\"font-size:19px\">Desde que soy chiquitito he viajado un mont\u00f3n, siendo casi un bebe ya viaje a Cuba lo que es l\u00f3gico teniendo en cuenta la procedencia de mi madre.<\/p>\n\n\n\n<p style=\"font-size:19px\">Luego ya siendo mas mayor fui viajando por Europa, he visitado casi todos los paises, Portugal, Francia, Alemania, Bulgaria, Suiza&#8230;.<\/p>\n\n\n\n<p style=\"font-size:19px\">Siempre me ha gustado viajar un mont\u00f3n, y gracias a ello he aprendido much\u00edsmo a desenvolverme en muchos \u00e1mbitos todo por tener que ir improvisando en cada pa\u00eds. <\/p>\n\n\n\n<p><\/p>\n\n\n\n<p><\/p>\n\n\n\n<p><\/p>\n\n\n\n<p><\/p>\n\n\n\n<p><\/p>\n\n\n\n<p><\/p>\n","protected":false},"excerpt":{"rendered":"<p>Hola, soy Einar Mi nombre es de origen vikingo, que significa traducido lider guerrero, antiguamente los guerreros que murieron en el Valhala se les llamaban einh\u00e4rjar . Este nombre significa \u201cuno\u201d que proviene del einn y \u201cguerrero\u201d que proviene de harr Mi \u00e1rbol geneal\u00f3gico es un poco variopinto, mi madre es Cubana y mi padre [&hellip;]<\/p>\n","protected":false},"author":1,"featured_media":53,"parent":0,"menu_order":2,"comment_status":"closed","ping_status":"closed","template":"","meta":{"footnotes":""},"class_list":["post-2","page","type-page","status-publish","has-post-thumbnail","hentry"],"_links":{"self":[{"href":"https:\/\/www.einargrifell.com\/index.php?rest_route=\/wp\/v2\/pages\/2","targetHints":{"allow":["GET"]}}],"collection":[{"href":"https:\/\/www.einargrifell.com\/index.php?rest_route=\/wp\/v2\/pages"}],"about":[{"href":"https:\/\/www.einargrifell.com\/index.php?rest_route=\/wp\/v2\/types\/page"}],"author":[{"embeddable":true,"href":"https:\/\/www.einargrifell.com\/index.php?rest_route=\/wp\/v2\/users\/1"}],"replies":[{"embeddable":true,"href":"https:\/\/www.einargrifell.com\/index.php?rest_route=%2Fwp%2Fv2%2Fcomments&post=2"}],"version-history":[{"count":12,"href":"https:\/\/www.einargrifell.com\/index.php?rest_route=\/wp\/v2\/pages\/2\/revisions"}],"predecessor-version":[{"id":60,"href":"https:\/\/www.einargrifell.com\/index.php?rest_route=\/wp\/v2\/pages\/2\/revisions\/60"}],"wp:featuredmedia":[{"embeddable":true,"href":"https:\/\/www.einargrifell.com\/index.php?rest_route=\/wp\/v2\/media\/53"}],"wp:attachment":[{"href":"https:\/\/www.einargrifell.com\/index.php?rest_route=%2Fwp%2Fv2%2Fmedia&parent=2"}],"curies":[{"name":"wp","href":"https:\/\/api.w.org\/{rel}","templated":true}]}}