{"id":36,"date":"2021-05-21T14:07:45","date_gmt":"2021-05-21T14:07:45","guid":{"rendered":"https:\/\/www.einargrifell.com\/?page_id=36"},"modified":"2021-05-21T14:17:59","modified_gmt":"2021-05-21T14:17:59","slug":"trabajo","status":"publish","type":"page","link":"https:\/\/www.einargrifell.com\/?page_id=36","title":{"rendered":"Trabajo"},"content":{"rendered":"\n<p>Mi primer trabajo fue un contrato de formaci\u00f3n que fue parte de mi grado medio y fue en la empresa de Bici con Alas.<\/p>\n\n\n\n<p>Una experiencia muy buena donde aprend\u00ed much\u00edsimo, sal\u00ed super contento del tiempo que estuve all\u00ed.<\/p>\n\n\n\n<p>Aprend\u00ed desde cambiar radios algo sencillo hasta cambiar los aceites de las suspensiones, retenes, etc. <\/p>\n\n\n\n<p>Su lema es: UNA BICI NUNCA MUERE. Algo que se me quedo grabado en la cabeza siempre se puede mantener una bici durante muchos a\u00f1os.<\/p>\n\n\n\n<figure class=\"wp-block-image size-large is-resized\"><img loading=\"lazy\" decoding=\"async\" src=\"https:\/\/www.einargrifell.com\/wp-content\/uploads\/2021\/05\/image.png\" alt=\"BiciConAlas - Taller de reparaci\u00f3n de bicicletas en Madrid\" class=\"wp-image-37\" width=\"290\" height=\"140\" srcset=\"https:\/\/www.einargrifell.com\/wp-content\/uploads\/2021\/05\/image.png 324w, https:\/\/www.einargrifell.com\/wp-content\/uploads\/2021\/05\/image-300x144.png 300w\" sizes=\"auto, (max-width: 290px) 100vw, 290px\" \/><\/figure>\n\n\n\n<p><\/p>\n\n\n\n<p><\/p>\n\n\n\n<p>Al cabo de los a\u00f1os empec\u00e9 a trabajar en Decathlon, en la secci\u00f3n de ciclismo algo que sigo agradeciendo por que los compa\u00f1eros son de 10 siempre te ayudan y todos compartimos ese af\u00e1n con el ciclismo. <\/p>\n\n\n\n<p>Desde siempre me ha gustado mucho ayudar a la gente y en esta secci\u00f3n me siento muy realizado ya que la gente e pregunta un mont\u00f3n de dudas y como tengo bastante experiencia en este sector siempre puedo echarles una mano en todo tipo de dudas, siendo muy relista siempre.<\/p>\n\n\n\n<figure class=\"wp-block-image size-large is-style-rounded\"><img loading=\"lazy\" decoding=\"async\" width=\"225\" height=\"225\" src=\"https:\/\/www.einargrifell.com\/wp-content\/uploads\/2021\/05\/image-1.png\" alt=\"Decathlon\" class=\"wp-image-43\" srcset=\"https:\/\/www.einargrifell.com\/wp-content\/uploads\/2021\/05\/image-1.png 225w, https:\/\/www.einargrifell.com\/wp-content\/uploads\/2021\/05\/image-1-150x150.png 150w\" sizes=\"auto, (max-width: 225px) 100vw, 225px\" \/><\/figure>\n\n\n\n<p><\/p>\n","protected":false},"excerpt":{"rendered":"<p>Mi primer trabajo fue un contrato de formaci\u00f3n que fue parte de mi grado medio y fue en la empresa de Bici con Alas. Una experiencia muy buena donde aprend\u00ed much\u00edsimo, sal\u00ed super contento del tiempo que estuve all\u00ed. Aprend\u00ed desde cambiar radios algo sencillo hasta cambiar los aceites de las suspensiones, retenes, etc. Su [&hellip;]<\/p>\n","protected":false},"author":1,"featured_media":0,"parent":0,"menu_order":4,"comment_status":"closed","ping_status":"closed","template":"","meta":{"footnotes":""},"class_list":["post-36","page","type-page","status-publish","hentry"],"_links":{"self":[{"href":"https:\/\/www.einargrifell.com\/index.php?rest_route=\/wp\/v2\/pages\/36","targetHints":{"allow":["GET"]}}],"collection":[{"href":"https:\/\/www.einargrifell.com\/index.php?rest_route=\/wp\/v2\/pages"}],"about":[{"href":"https:\/\/www.einargrifell.com\/index.php?rest_route=\/wp\/v2\/types\/page"}],"author":[{"embeddable":true,"href":"https:\/\/www.einargrifell.com\/index.php?rest_route=\/wp\/v2\/users\/1"}],"replies":[{"embeddable":true,"href":"https:\/\/www.einargrifell.com\/index.php?rest_route=%2Fwp%2Fv2%2Fcomments&post=36"}],"version-history":[{"count":4,"href":"https:\/\/www.einargrifell.com\/index.php?rest_route=\/wp\/v2\/pages\/36\/revisions"}],"predecessor-version":[{"id":44,"href":"https:\/\/www.einargrifell.com\/index.php?rest_route=\/wp\/v2\/pages\/36\/revisions\/44"}],"wp:attachment":[{"href":"https:\/\/www.einargrifell.com\/index.php?rest_route=%2Fwp%2Fv2%2Fmedia&parent=36"}],"curies":[{"name":"wp","href":"https:\/\/api.w.org\/{rel}","templated":true}]}}