{"id":47,"date":"2021-05-21T14:19:41","date_gmt":"2021-05-21T14:19:41","guid":{"rendered":"https:\/\/www.einargrifell.com\/?page_id=47"},"modified":"2021-05-21T14:19:41","modified_gmt":"2021-05-21T14:19:41","slug":"ciclismo","status":"publish","type":"page","link":"https:\/\/www.einargrifell.com\/?page_id=47","title":{"rendered":"Ciclismo"},"content":{"rendered":"\n<p><\/p>\n\n\n\n<p id=\"block-ad10c139-4609-4148-b851-928404d927ff\">Estuve compitiendo durante 7 a\u00f1os. Unos a\u00f1os muy sufridos pero mientras duro disfrute un mont\u00f3n.<\/p>\n\n\n\n<p id=\"block-1adc12c3-7177-4510-aaac-9a4886ed0504\">Esta es de mis primeras competiciones donde aun nos patrocinaba ENBICI, SPIUK entre otros.<\/p>\n\n\n\n<p id=\"block-35f7694b-da97-408a-943d-a51500a4b1f1\">Empec\u00e9 con una bici de segunda mano que le compre a un se\u00f1or muy amable aunque me quedaba un poco grande estaba muy contento con ella y a pesar de ser vieja disfrute de ella un mont\u00f3n, adem\u00e1s que casualidad que combinaba genial con la equipaci\u00f3n.<\/p>\n\n\n\n<figure class=\"wp-block-image\" id=\"block-03970348-1efd-4f10-a678-196b826fbcf1\"><img decoding=\"async\" src=\"https:\/\/www.einargrifell.com\/wp-content\/uploads\/2021\/04\/DSC_1369.jpg\" alt=\"La imagen tiene un atributo ALT vac\u00edo; su nombre de archivo es DSC_1369.jpg\"\/><\/figure>\n\n\n\n<p>\u00a1Que recuerdos!<\/p>\n\n\n\n<p id=\"block-6d205818-09ac-4c56-9f40-1449e6446a3d\">Posteriormente nos empez\u00f3 a patrocinar BH y nuestra equipaci\u00f3n cambi\u00f3 al igual que mi bici, di un salto a una bicicleta de carbono con grupo ultegra y platos Rotor.<\/p>\n\n\n\n<figure class=\"wp-block-image\" id=\"block-23e11f45-b414-4442-b2cd-07d397a3bf9c\"><img decoding=\"async\" src=\"https:\/\/www.einargrifell.com\/wp-content\/uploads\/2021\/05\/32440018485_eb5a0206a5_k-1024x768.jpg\" alt=\"La imagen tiene un atributo ALT vac\u00edo; su nombre de archivo es 32440018485_eb5a0206a5_k-1024x768.jpg\"\/><\/figure>\n\n\n\n<p>Un d\u00eda de mucho frio muy cansado, subiendo un puerto<\/p>\n","protected":false},"excerpt":{"rendered":"<p>Estuve compitiendo durante 7 a\u00f1os. Unos a\u00f1os muy sufridos pero mientras duro disfrute un mont\u00f3n. Esta es de mis primeras competiciones donde aun nos patrocinaba ENBICI, SPIUK entre otros. Empec\u00e9 con una bici de segunda mano que le compre a un se\u00f1or muy amable aunque me quedaba un poco grande estaba muy contento con ella [&hellip;]<\/p>\n","protected":false},"author":1,"featured_media":0,"parent":0,"menu_order":0,"comment_status":"closed","ping_status":"closed","template":"","meta":{"footnotes":""},"class_list":["post-47","page","type-page","status-publish","hentry"],"_links":{"self":[{"href":"https:\/\/www.einargrifell.com\/index.php?rest_route=\/wp\/v2\/pages\/47","targetHints":{"allow":["GET"]}}],"collection":[{"href":"https:\/\/www.einargrifell.com\/index.php?rest_route=\/wp\/v2\/pages"}],"about":[{"href":"https:\/\/www.einargrifell.com\/index.php?rest_route=\/wp\/v2\/types\/page"}],"author":[{"embeddable":true,"href":"https:\/\/www.einargrifell.com\/index.php?rest_route=\/wp\/v2\/users\/1"}],"replies":[{"embeddable":true,"href":"https:\/\/www.einargrifell.com\/index.php?rest_route=%2Fwp%2Fv2%2Fcomments&post=47"}],"version-history":[{"count":1,"href":"https:\/\/www.einargrifell.com\/index.php?rest_route=\/wp\/v2\/pages\/47\/revisions"}],"predecessor-version":[{"id":50,"href":"https:\/\/www.einargrifell.com\/index.php?rest_route=\/wp\/v2\/pages\/47\/revisions\/50"}],"wp:attachment":[{"href":"https:\/\/www.einargrifell.com\/index.php?rest_route=%2Fwp%2Fv2%2Fmedia&parent=47"}],"curies":[{"name":"wp","href":"https:\/\/api.w.org\/{rel}","templated":true}]}}